{"id":7956,"date":"2023-08-18T10:51:45","date_gmt":"2023-08-18T08:51:45","guid":{"rendered":"https:\/\/lesfeespapillons-mineraux.com\/?post_type=product&#038;p=7956"},"modified":"2024-11-30T15:01:07","modified_gmt":"2024-11-30T14:01:07","slug":"sauge-shasta","status":"publish","type":"product","link":"https:\/\/lesfeespapillons-mineraux.com\/index.php\/produit\/sauge-shasta\/","title":{"rendered":"Sauge Shasta"},"content":{"rendered":"<p>La <strong>sauge Shasta<\/strong> est une vari\u00e9t\u00e9 de sauge issue de croisements entre plusieurs esp\u00e8ces de sauge, notamment la sauge blanche (<em>Salvia apiana<\/em>) et d&rsquo;autres vari\u00e9t\u00e9s locales. Elle tire son nom de la r\u00e9gion du mont Shasta, une montagne sacr\u00e9e situ\u00e9e dans le nord de la Californie, un lieu spirituel pour de nombreux peuples autochtones et adeptes de pratiques spirituelles. La sauge Shasta est pris\u00e9e pour ses propri\u00e9t\u00e9s purificatrices et spirituelles, similaires \u00e0 celles de la sauge blanche, mais avec des caract\u00e9ristiques aromatiques distinctes.<\/p>\n<p><strong>Caract\u00e9ristiques de la Sauge Shasta<\/strong><\/p>\n<ul>\n<li><strong>Nom botanique<\/strong> : <em>Salvia shasta<\/em> (nom commun, ce n&rsquo;est pas une esp\u00e8ce botanique officielle)<\/li>\n<li><strong>Famille<\/strong> : Lamiac\u00e9es<\/li>\n<li><strong>Origine<\/strong> : Croissance naturelle autour du mont Shasta et dans d&rsquo;autres r\u00e9gions du sud-ouest des \u00c9tats-Unis<\/li>\n<li><strong>Apparence<\/strong> : Elle se pr\u00e9sente avec des feuilles vert p\u00e2le \u00e0 gris argent\u00e9, similaires \u00e0 celles de la sauge blanche, mais souvent plus larges et plus souples. Lorsqu\u2019elle fleurit, elle peut produire de petites fleurs blanches ou lavande.<\/li>\n<li><strong>Ar\u00f4me<\/strong> : La sauge Shasta poss\u00e8de un parfum r\u00e9sineux et l\u00e9g\u00e8rement sucr\u00e9, avec une intensit\u00e9 un peu moins forte que la sauge blanche mais plus complexe, comprenant des notes bois\u00e9es et herbac\u00e9es.<\/li>\n<\/ul>\n<p><strong>Bienfaits et Propri\u00e9t\u00e9s Spirituelles de la Sauge Shasta<\/strong><\/p>\n<ol>\n<li><strong>Purification et Nettoyage \u00c9nerg\u00e9tique<\/strong> : Comme la sauge blanche, la sauge Shasta est utilis\u00e9e pour \u00e9liminer les \u00e9nergies n\u00e9gatives dans un espace, autour d&rsquo;une personne, ou d\u2019objets. Elle est souvent br\u00fbl\u00e9e dans des c\u00e9r\u00e9monies de purification pour cr\u00e9er un environnement \u00e9quilibr\u00e9 et harmonieux.<\/li>\n<li><strong>Protection Spirituelle<\/strong> : La fum\u00e9e de sauge Shasta est r\u00e9put\u00e9e pour sa capacit\u00e9 \u00e0 cr\u00e9er un bouclier protecteur contre les influences n\u00e9gatives et les mauvaises \u00e9nergies. Elle est couramment utilis\u00e9e par les praticiens spirituels et les gu\u00e9risseurs pour assurer une protection \u00e9nerg\u00e9tique.<\/li>\n<li><strong>Apaisement et Clart\u00e9 Mentale<\/strong> : L\u2019ar\u00f4me unique de la sauge Shasta favorise la relaxation et la clart\u00e9 mentale. Elle est particuli\u00e8rement pris\u00e9e dans les pratiques de m\u00e9ditation, car elle aide \u00e0 calmer l&rsquo;esprit, \u00e0 r\u00e9duire le stress, et \u00e0 favoriser une concentration plus profonde.<\/li>\n<li><strong>Connexion Spirituelle et \u00c9veil<\/strong> : Le mont Shasta est consid\u00e9r\u00e9 comme un lieu spirituel puissant, et la sauge Shasta est souvent associ\u00e9e \u00e0 des pratiques d&rsquo;\u00e9veil spirituel. Elle est cens\u00e9e faciliter la connexion avec des \u00e9nergies plus \u00e9lev\u00e9es, et est donc utilis\u00e9e pour soutenir la croissance spirituelle et l&rsquo;introspection.<\/li>\n<\/ol>\n<p><strong>Comment Utiliser la Sauge Shasta<\/strong><\/p>\n<ol>\n<li><strong>Fumigation (Smudging)<\/strong> : Pour purifier un espace, un fagot de sauge Shasta est allum\u00e9 \u00e0 une extr\u00e9mit\u00e9 jusqu&rsquo;\u00e0 obtenir une braise. La fum\u00e9e est ensuite dirig\u00e9e autour de l\u2019espace ou de la personne \u00e0 purifier. Vous pouvez utiliser une plume pour r\u00e9partir la fum\u00e9e ou simplement la main.<\/li>\n<li><strong>Purification des Objets<\/strong> : La sauge Shasta est id\u00e9ale pour nettoyer \u00e9nerg\u00e9tiquement des objets comme des cristaux, des amulettes, ou m\u00eame des outils de travail. Passez l\u2019objet dans la fum\u00e9e en tenant une intention de nettoyage et de renouveau.<\/li>\n<li><strong>Cr\u00e9ation d\u2019un Espace Sacr\u00e9<\/strong> : La sauge Shasta est fr\u00e9quemment utilis\u00e9e pour purifier les lieux de m\u00e9ditation ou de pri\u00e8re. Br\u00fblez la sauge avant de commencer votre pratique spirituelle pour cr\u00e9er une ambiance propice au calme et \u00e0 la m\u00e9ditation.<\/li>\n<\/ol>\n<p><strong>Pr\u00e9cautions d\u2019Utilisation<\/strong><\/p>\n<ul>\n<li><strong>S\u00e9curit\u00e9 et A\u00e9ration<\/strong> : Comme pour tout rituel de fumigation, assurez-vous que l\u2019espace est bien ventil\u00e9. \u00c9vitez de respirer directement la fum\u00e9e en grande quantit\u00e9, car elle peut \u00eatre irritante pour les voies respiratoires.<\/li>\n<li><strong>Utilisation Responsable<\/strong> : La sauge Shasta, comme la sauge blanche, peut \u00eatre soumise \u00e0 une r\u00e9colte excessive dans certaines r\u00e9gions. Optez pour des fournisseurs respectueux de l\u2019environnement et \u00e9vitez de r\u00e9colter la sauge sauvage sans autorisation.<\/li>\n<li><strong>Stockage<\/strong> : Pour pr\u00e9server la fra\u00eecheur et l&rsquo;ar\u00f4me de votre sauge, conservez-la dans un endroit sec et \u00e0 l&rsquo;abri de la lumi\u00e8re directe.<\/li>\n<\/ul>\n<p><strong>Conclusion<\/strong><\/p>\n<p>La sauge Shasta est une alternative puissante \u00e0 la sauge blanche pour les rituels de purification et de protection spirituelle. Avec son lien au mont Shasta, cette plante apporte un niveau suppl\u00e9mentaire de connexion spirituelle et de profondeur \u00e9nerg\u00e9tique. Elle est id\u00e9ale pour ceux qui cherchent \u00e0 purifier leur espace tout en favorisant la m\u00e9ditation, l&rsquo;introspection et le d\u00e9veloppement spirituel.<\/p>\n<p>&nbsp;<\/p>\n","protected":false},"excerpt":{"rendered":"<p>vendu \u00e0 la pi\u00e8ce<\/p>\n<p>environ 10cm<\/p>\n","protected":false},"featured_media":11242,"template":"","meta":[],"product_brand":[],"product_cat":[168,321],"product_tag":[],"class_list":{"0":"post-7956","1":"product","2":"type-product","3":"status-publish","4":"has-post-thumbnail","6":"product_cat-encens","7":"product_cat-sauges","9":"first","10":"instock","11":"shipping-taxable","12":"purchasable","13":"product-type-simple"},"jetpack_sharing_enabled":true,"_links":{"self":[{"href":"https:\/\/lesfeespapillons-mineraux.com\/index.php\/wp-json\/wp\/v2\/product\/7956","targetHints":{"allow":["GET"]}}],"collection":[{"href":"https:\/\/lesfeespapillons-mineraux.com\/index.php\/wp-json\/wp\/v2\/product"}],"about":[{"href":"https:\/\/lesfeespapillons-mineraux.com\/index.php\/wp-json\/wp\/v2\/types\/product"}],"wp:featuredmedia":[{"embeddable":true,"href":"https:\/\/lesfeespapillons-mineraux.com\/index.php\/wp-json\/wp\/v2\/media\/11242"}],"wp:attachment":[{"href":"https:\/\/lesfeespapillons-mineraux.com\/index.php\/wp-json\/wp\/v2\/media?parent=7956"}],"wp:term":[{"taxonomy":"product_brand","embeddable":true,"href":"https:\/\/lesfeespapillons-mineraux.com\/index.php\/wp-json\/wp\/v2\/product_brand?post=7956"},{"taxonomy":"product_cat","embeddable":true,"href":"https:\/\/lesfeespapillons-mineraux.com\/index.php\/wp-json\/wp\/v2\/product_cat?post=7956"},{"taxonomy":"product_tag","embeddable":true,"href":"https:\/\/lesfeespapillons-mineraux.com\/index.php\/wp-json\/wp\/v2\/product_tag?post=7956"}],"curies":[{"name":"wp","href":"https:\/\/api.w.org\/{rel}","templated":true}]}}