{"id":20878,"date":"2026-03-20T16:17:43","date_gmt":"2026-03-20T15:17:43","guid":{"rendered":"https:\/\/lesfeespapillons-mineraux.com\/?post_type=product&#038;p=20878"},"modified":"2026-03-20T16:18:41","modified_gmt":"2026-03-20T15:18:41","slug":"bracelet-pierres-du-printemps-6-et-argent-925-2","status":"publish","type":"product","link":"https:\/\/lesfeespapillons-mineraux.com\/index.php\/produit\/bracelet-pierres-du-printemps-6-et-argent-925-2\/","title":{"rendered":"Bracelet pierres du printemps #6 et argent 925"},"content":{"rendered":"<p style=\"text-align: center\"><strong>\ud83c\udf38 Collection du Printemps \u2014 Renouveau &amp; \u00c9lan<\/strong><\/p>\n<p>&nbsp;<\/p>\n<p>Le printemps est une saison d\u2019\u00e9veil, de mouvement et de renouveau.<br \/>\nLa nature reprend vie, les \u00e9nergies circulent \u00e0 nouveau et les projets commencent \u00e0 germer.<br \/>\nC\u2019est le moment d\u2019oser, d\u2019ouvrir son c\u0153ur et d\u2019avancer avec confiance.<\/p>\n<p>Ce trio de pierres accompagne cette dynamique de croissance, d\u2019abondance et d\u2019harmonie.<\/p>\n<p><strong>\ud83d\udc9a Aventurine \u2014 L\u2019\u00e9lan du c\u0153ur<\/strong><\/p>\n<p>Pierre de chance et d\u2019ouverture, l\u2019aventurine invite \u00e0 accueillir les opportunit\u00e9s et \u00e0 avancer avec l\u00e9g\u00e8ret\u00e9.<br \/>\nElle soutient les nouveaux d\u00e9parts et apaise les \u00e9motions.<\/p>\n<p>\ud83c\udf3f Encourage les nouveaux projets et les prises d\u2019initiative<br \/>\n\ud83d\udcab Attire les opportunit\u00e9s et les synchronicit\u00e9s<br \/>\n\ud83d\udc9a Apporte calme, confiance et ouverture du c\u0153ur<\/p>\n<p><strong>\u2600\ufe0f Citrine \u2014 La lumi\u00e8re cr\u00e9atrice<\/strong><\/p>\n<p>Rayonnante et chaleureuse, la citrine stimule la joie, la motivation et l\u2019abondance.<br \/>\nElle dynamise l\u2019\u00e9nergie et aide \u00e0 concr\u00e9tiser ses envies.<\/p>\n<p>\ud83c\udf1e Apporte \u00e9nergie, optimisme et vitalit\u00e9<br \/>\n\ud83d\udcb0 Favorise l\u2019abondance et la r\u00e9ussite<br \/>\n\ud83d\udd25 Stimule la cr\u00e9ativit\u00e9 et le passage \u00e0 l\u2019action<\/p>\n<p><strong>\ud83c\udf3f Jade birman \u2014 L\u2019harmonie vivante<\/strong><\/p>\n<p>Pierre d\u2019\u00e9quilibre et de sagesse, le jade birman accompagne la croissance en douceur.<br \/>\nIl favorise l\u2019harmonie int\u00e9rieure et la stabilit\u00e9 \u00e9motionnelle.<\/p>\n<p>\ud83c\udf43 Apporte s\u00e9r\u00e9nit\u00e9 et \u00e9quilibre<br \/>\n\ud83c\udf31 Soutient les transformations naturelles<br \/>\n\ud83d\udc8e Symbolise prosp\u00e9rit\u00e9, long\u00e9vit\u00e9 et sagesse<\/p>\n<p><strong>\ud83d\udd4a\ufe0f Ensemble, ces trois pierres cr\u00e9ent une \u00e9nergie printani\u00e8re vivifiante :<\/strong><\/p>\n<p>\ud83d\udc9a Aventurine \u2014 j\u2019ouvre mon c\u0153ur aux possibles<br \/>\n\u2600\ufe0f Citrine \u2014 je rayonne et je cr\u00e9e<br \/>\n\ud83c\udf3f Jade \u2014 je grandis en harmonie<\/p>\n<p>\u2728 \u00c0 porter au quotidien ou lors de nouveaux projets, ce bracelet vous accompagne dans l\u2019\u00e9lan du renouveau, pour avancer avec confiance, joie et \u00e9quilibre.<\/p>\n<p>&nbsp;<\/p>\n","protected":false},"excerpt":{"rendered":"<p>perles 6mm<\/p>\n","protected":false},"featured_media":20879,"template":"","meta":[],"product_brand":[],"product_cat":[96,159,109],"product_tag":[478,482,130,288,795,796],"class_list":{"0":"post-20878","1":"product","2":"type-product","3":"status-publish","4":"has-post-thumbnail","6":"product_cat-bijoux","7":"product_cat-bijoux-perles","8":"product_cat-bijoux-pierres-naturelles","9":"product_tag-confiance","10":"product_tag-equilibre","11":"product_tag-harmonie","12":"product_tag-joie","13":"product_tag-printemps","14":"product_tag-renouveau","15":"pa_mineraux-aventurine","16":"pa_mineraux-citrine","17":"pa_mineraux-jade","18":"pa_taille-de-bracelet-185cm","19":"pa_type-de-bijoux-bracelet","21":"first","22":"instock","23":"shipping-taxable","24":"purchasable","25":"product-type-simple"},"jetpack_sharing_enabled":true,"_links":{"self":[{"href":"https:\/\/lesfeespapillons-mineraux.com\/index.php\/wp-json\/wp\/v2\/product\/20878","targetHints":{"allow":["GET"]}}],"collection":[{"href":"https:\/\/lesfeespapillons-mineraux.com\/index.php\/wp-json\/wp\/v2\/product"}],"about":[{"href":"https:\/\/lesfeespapillons-mineraux.com\/index.php\/wp-json\/wp\/v2\/types\/product"}],"wp:featuredmedia":[{"embeddable":true,"href":"https:\/\/lesfeespapillons-mineraux.com\/index.php\/wp-json\/wp\/v2\/media\/20879"}],"wp:attachment":[{"href":"https:\/\/lesfeespapillons-mineraux.com\/index.php\/wp-json\/wp\/v2\/media?parent=20878"}],"wp:term":[{"taxonomy":"product_brand","embeddable":true,"href":"https:\/\/lesfeespapillons-mineraux.com\/index.php\/wp-json\/wp\/v2\/product_brand?post=20878"},{"taxonomy":"product_cat","embeddable":true,"href":"https:\/\/lesfeespapillons-mineraux.com\/index.php\/wp-json\/wp\/v2\/product_cat?post=20878"},{"taxonomy":"product_tag","embeddable":true,"href":"https:\/\/lesfeespapillons-mineraux.com\/index.php\/wp-json\/wp\/v2\/product_tag?post=20878"}],"curies":[{"name":"wp","href":"https:\/\/api.w.org\/{rel}","templated":true}]}}