{"id":20770,"date":"2025-09-23T17:53:46","date_gmt":"2025-09-23T15:53:46","guid":{"rendered":"https:\/\/lesfeespapillons-mineraux.com\/?post_type=product&#038;p=20770"},"modified":"2025-09-23T17:53:46","modified_gmt":"2025-09-23T15:53:46","slug":"lampe-didentification-de-mineralogie","status":"publish","type":"product","link":"https:\/\/lesfeespapillons-mineraux.com\/index.php\/produit\/lampe-didentification-de-mineralogie\/","title":{"rendered":"Lampe d&rsquo;identification de min\u00e9ralogie"},"content":{"rendered":"<p>. \u00e9quip\u00e9e de trois sources de lumi\u00e8re : lumi\u00e8re blanche, lumi\u00e8re chaude et UV.<\/p>\n<p>. Identification UV : avec une longueur d&rsquo;onde de 365nm, la lumi\u00e8re UV est sp\u00e9cialement con\u00e7ue pour une identification et un examen rapides et professionnels des bijoux et des pierres.<\/p>\n<p>. Batterie int\u00e9gr\u00e9e : elle est livr\u00e9e avec une batterie au lithium haute capacit\u00e9, garantissant une utilisation prolong\u00e9e.<\/p>\n<p>. Fonctionnement pratique : contr\u00f4l\u00e9 par un interrupteur arri\u00e8re, il permet une commutation facile et rapide entre les sources de lumi\u00e8re.<\/p>\n<p>&nbsp;<\/p>\n","protected":false},"excerpt":{"rendered":"<p>. \u00e9quip\u00e9e de trois sources de lumi\u00e8re : lumi\u00e8re blanche, lumi\u00e8re chaude et UV. . Identification UV : avec une longueur d&rsquo;onde de 365nm, la lumi\u00e8re UV est sp\u00e9cialement con\u00e7ue pour une identification et un examen rapides et professionnels des bijoux et des pierres. . Batterie int\u00e9gr\u00e9e : elle est livr\u00e9e avec une batterie au [&hellip;]<\/p>\n","protected":false},"featured_media":20771,"template":"","meta":[],"product_brand":[],"product_cat":[104,442],"product_tag":[],"class_list":{"0":"post-20770","1":"product","2":"type-product","3":"status-publish","4":"has-post-thumbnail","6":"product_cat-deco","7":"product_cat-divers","9":"first","10":"instock","11":"shipping-taxable","12":"purchasable","13":"product-type-simple"},"jetpack_sharing_enabled":true,"_links":{"self":[{"href":"https:\/\/lesfeespapillons-mineraux.com\/index.php\/wp-json\/wp\/v2\/product\/20770","targetHints":{"allow":["GET"]}}],"collection":[{"href":"https:\/\/lesfeespapillons-mineraux.com\/index.php\/wp-json\/wp\/v2\/product"}],"about":[{"href":"https:\/\/lesfeespapillons-mineraux.com\/index.php\/wp-json\/wp\/v2\/types\/product"}],"wp:featuredmedia":[{"embeddable":true,"href":"https:\/\/lesfeespapillons-mineraux.com\/index.php\/wp-json\/wp\/v2\/media\/20771"}],"wp:attachment":[{"href":"https:\/\/lesfeespapillons-mineraux.com\/index.php\/wp-json\/wp\/v2\/media?parent=20770"}],"wp:term":[{"taxonomy":"product_brand","embeddable":true,"href":"https:\/\/lesfeespapillons-mineraux.com\/index.php\/wp-json\/wp\/v2\/product_brand?post=20770"},{"taxonomy":"product_cat","embeddable":true,"href":"https:\/\/lesfeespapillons-mineraux.com\/index.php\/wp-json\/wp\/v2\/product_cat?post=20770"},{"taxonomy":"product_tag","embeddable":true,"href":"https:\/\/lesfeespapillons-mineraux.com\/index.php\/wp-json\/wp\/v2\/product_tag?post=20770"}],"curies":[{"name":"wp","href":"https:\/\/api.w.org\/{rel}","templated":true}]}}