{"id":17495,"date":"2024-09-26T12:14:48","date_gmt":"2024-09-26T10:14:48","guid":{"rendered":"https:\/\/lesfeespapillons-mineraux.com\/?post_type=product&#038;p=17495"},"modified":"2024-09-29T09:51:56","modified_gmt":"2024-09-29T07:51:56","slug":"pendentif-croix-de-ankh-en-aventurine","status":"publish","type":"product","link":"https:\/\/lesfeespapillons-mineraux.com\/index.php\/produit\/pendentif-croix-de-ankh-en-aventurine\/","title":{"rendered":"Pendentif croix de ankh en aventurine"},"content":{"rendered":"<p style=\"text-align: center\"><strong>La Croix de Ankh<\/strong><\/p>\n<p><strong>\u00a0<\/strong><\/p>\n<p><strong>Origine et histoire<\/strong><\/p>\n<p>La croix de Ankh est un symbole \u00e9gyptien tr\u00e8s ancien, datant de l&rsquo;Antiquit\u00e9. Elle est aussi connu sous le nom de <strong>\u00ab\u00a0croix anse\u00a0\u00bb<\/strong> ou <strong>\u00ab\u00a0L&rsquo;\u00e9crit de la vie\u00a0\u00bb<\/strong>. Ce symbole sacr\u00e9 \u00e9tait omnipr\u00e9sent dans l&rsquo;\u00c9gypte antique, tant dans l&rsquo;art religieux que fun\u00e9raire, et on le retrouve souvent dans les mains des dieux et des pharaons, repr\u00e9sentant un lien entre le monde terrestre et spirituel.<\/p>\n<p><strong>Description<\/strong><\/p>\n<p>L&rsquo;Ankh est form\u00e9 par :<\/p>\n<ul>\n<li><strong>Un cercle (ou une boucle)<\/strong> en haut : Il symbolise l&rsquo;\u00e9ternit\u00e9, le cycle infini de la vie.<\/li>\n<li><strong>Une barre verticale<\/strong> : Repr\u00e9sente la connexion entre le ciel et la terre.<\/li>\n<li><strong>Une barre horizontale<\/strong> : Symbole de l&rsquo;\u00e9quilibre, reliant l&rsquo;\u00e9nergie masculine et f\u00e9minine, ou encore le monde spirituel et mat\u00e9riel.<\/li>\n<\/ul>\n<p><strong>Principales significations et symbolisme<\/strong><\/p>\n<ol>\n<li><strong>La vie \u00e9ternelle<\/strong>\n<ul>\n<li>L&rsquo;Ankh est avant tout un symbole de <strong>vie<\/strong> \u00a0<strong>\u00e9ternelle<\/strong>. Il repr\u00e9sente la force vitale pr\u00e9sente en chacun et l&rsquo;immortalit\u00e9 de l&rsquo;\u00e2me apr\u00e8s la mort. Il \u00e9tait souvent plac\u00e9 dans les tombes pour assurer aux d\u00e9funts une vie apr\u00e8s la mort.<\/li>\n<\/ul>\n<\/li>\n<li><strong>Renaissance et r\u00e9g\u00e9n\u00e9ration<\/strong>\n<ul>\n<li>En relation avec la notion de vie \u00e9ternelle, l&rsquo;Ankh symbolise \u00e9galement la <strong>Renaissance<\/strong> et la <strong>R\u00e9surrection<\/strong>. Dans les pratiques religieuses, il exprimait la continuit\u00e9 du cycle de la vie : naissance, mort, et r\u00e9g\u00e9n\u00e9ration.<\/li>\n<\/ul>\n<\/li>\n<li><strong>Union du masculin et du f\u00e9minin<\/strong>\n<ul>\n<li>L&rsquo;Ankh est souvent interpr\u00e9t\u00e9 comme un symbole de l&rsquo;union des principes masculins et f\u00e9minins. La boucle en haut de la croix repr\u00e9sente l&rsquo;\u00e9nergie f\u00e9minine, associ\u00e9e \u00e0 la d\u00e9esse Isis, tandis que la barre verticale incarne l&rsquo;\u00e9nergie masculine, associ\u00e9e au dieu Osiris. Cette union \u00e9voque la fertilit\u00e9, la cr\u00e9ation et l&rsquo;\u00e9quilibre entre les oppos\u00e9s.<\/li>\n<\/ul>\n<\/li>\n<li><strong>Puissance divine<\/strong>\n<ul>\n<li>Les dieux \u00e9gyptiens sont souvent repr\u00e9sent\u00e9s avec l&rsquo;Ankh dans une main, le pouvoir sur la vie et la mort. Ce symbole est aussi un<strong> signe de protection divine<\/strong> pour les pharaons et les initi\u00e9s dans les myst\u00e8res de la vie apr\u00e8s la mort.<\/li>\n<\/ul>\n<\/li>\n<li><strong>La cl\u00e9 des myst\u00e8res<\/strong>\n<ul>\n<li>L&rsquo;Ankh est parfois appel\u00e9 la <strong>cl\u00e9 du Nil<\/strong>, \u00e9voquant son r\u00f4le de cl\u00e9 spirituelle ouvrant la porte \u00e0 des v\u00e9rit\u00e9s cach\u00e9es, \u00e0 la sagesse divine et aux myst\u00e8res de l&rsquo;univers.<\/li>\n<\/ul>\n<\/li>\n<li><strong>Protection et b\u00e9n\u00e9diction<\/strong>\n<ul>\n<li>Utilis\u00e9 dans des rites et des amulettes, l&rsquo;Ankh est aussi vu comme un talisman de <strong>protection<\/strong>, offrant sant\u00e9, fertilit\u00e9, et b\u00e9n\u00e9diction \u00e0 son porteur.<\/li>\n<\/ul>\n<\/li>\n<\/ol>\n<p><strong>5.Utilisation moderne<\/strong><\/p>\n<ul>\n<li>L&rsquo;Ankh a \u00e9t\u00e9 adopt\u00e9 par divers mouvements spirituels et \u00e9sot\u00e9riques modernes, ainsi que dans la culture populaire comme symbole de vie, de spiritualit\u00e9 et d&rsquo;\u00e9ternit\u00e9.<\/li>\n<li>Il est souvent port\u00e9 comme <strong>bijou<\/strong> ou tatouage en raison de sa puissance symbolique et de ses connotations spirituelles profondes.<\/li>\n<\/ul>\n<p><strong>Conclusion<\/strong><\/p>\n<p>La croix de Ankh, ou cl\u00e9 de la vie, est l&rsquo;un des symboles les plus puissants et polyvalents de l&rsquo;\u00c9gypte antique. Elle incarne \u00e0 la fois la vie, la mort, et la r\u00e9surrection, tout en repr\u00e9sentant l&rsquo;\u00e9quilibre entre les \u00e9nergies masculines et f\u00e9minines, et la connexion entre le monde mat\u00e9riel et spirituel.<\/p>\n<p>&nbsp;<\/p>\n<p>&nbsp;<\/p>\n<p>&nbsp;<\/p>\n<p>&nbsp;<\/p>\n<p style=\"text-align: center\"><strong>L\u2019 Aventurine<\/strong><\/p>\n<p><strong>\u00a0<\/strong><\/p>\n<p><strong>Origine du nom<\/strong><\/p>\n<ul>\n<li><strong>\u00c9tymologie : Le nom \u00ab\u00a0aventurine\u00a0\u00bb vient du mot italien <em>\u00ab\u00a0a ventura\u00a0\u00bb<\/em>, qui signifie \u00ab\u00a0par hasard\u00a0\u00bb, en r\u00e9f\u00e9rence \u00e0 une d\u00e9couverte fortuite dans la verrerie.<\/strong><\/li>\n<\/ul>\n<p><strong>Composition chimique et structure<\/strong><\/p>\n<ul>\n<li><strong>Famille : Quartz<\/strong><\/li>\n<li><strong>Formule chimique : SiO\u2082 (dioxyde de silicium)<\/strong><\/li>\n<li><strong>Inclusions : Fuchsite (mica chromif\u00e8re) pour l&rsquo;aventurine verte, h\u00e9matite pour la rouge-brun, et muscovite ou dumorti\u00e9rite pour les autres couleurs.<\/strong><\/li>\n<li><strong>Duret\u00e9 (Mohs) : 6,5 \u00e0 7<\/strong><\/li>\n<\/ul>\n<p><strong>Couleurs<\/strong><\/p>\n<ul>\n<li><strong>Vert (le plus courant), bleu, rouge-brun, jaune, orange. Les inclusions min\u00e9rales sont responsables de ces diff\u00e9rentes teintes.<\/strong><\/li>\n<\/ul>\n<p><strong>Provenance g\u00e9ographique<\/strong><\/p>\n<ul>\n<li><strong>Les principaux gisements d&rsquo;aventurine se trouvent au Br\u00e9sil, en Inde, en Russie, en Chine, et au Tibet.<\/strong><\/li>\n<\/ul>\n<p><strong>Propri\u00e9t\u00e9s physiques<\/strong><\/p>\n<ul>\n<li><strong>Aspect : Pierre translucide \u00e0 opaque, avec un effet chatoyant ou scintillant d\u00fb \u00e0 ses inclusions (ph\u00e9nom\u00e8ne appel\u00e9 aventurescence).<\/strong><\/li>\n<li><strong>Transparence : Translucide \u00e0 opaque.<\/strong><\/li>\n<li><strong>Lustre : Vitreux \u00e0 soyeux.<\/strong><\/li>\n<\/ul>\n<p><strong>Utilisations<\/strong><\/p>\n<ul>\n<li><strong>Bijouterie : L\u2019aventurine est souvent utilis\u00e9e pour des bijoux comme des pendentifs, bagues, et bracelets.<\/strong><\/li>\n<li><strong>Objets de d\u00e9coratifs : Sculptures, pierres roul\u00e9es, objets d&rsquo;art.<\/strong><\/li>\n<li><strong>Lithoth\u00e9rapie : Pierre associ\u00e9e \u00e0 la chance, \u00e0 la prosp\u00e9rit\u00e9, et \u00e0 la s\u00e9r\u00e9nit\u00e9.<\/strong><\/li>\n<\/ul>\n<p><strong>Symbolisme et vertus en lithoth\u00e9rapie<\/strong><\/p>\n<ul>\n<li><strong>\u00a0Surnomm\u00e9e \u00ab\u00a0pierre de la chance\u00a0\u00bb, elle attire la prosp\u00e9rit\u00e9 et la joie.<\/strong><\/li>\n<li><strong>Apaisement \u00e9motionnel : Elle aide \u00e0 calmer les \u00e9motions, \u00e0 diminuer le stress et \u00e0 renforcer l&rsquo;harmonie int\u00e9rieure.<\/strong><\/li>\n<li><strong>Chakra : Principalement associ\u00e9e au chakra du c\u0153ur (Anahata).<\/strong><\/li>\n<\/ul>\n<p><strong>Entretien<\/strong><\/p>\n<ul>\n<li><strong>Purification : \u00c0 l&rsquo;eau claire ou dans les fum\u00e9es d\u2019encens.<\/strong><\/li>\n<li><strong>Rechargement : Exposition \u00e0 la lumi\u00e8re du soleil ou placement sur une g\u00e9ode d\u2019am\u00e9thyste.<\/strong><\/li>\n<\/ul>\n<p><strong>Conclusion<\/strong><\/p>\n<p><strong>L\u2019aventurine est une pierre pr\u00e9cieuse appr\u00e9ci\u00e9e pour son \u00e9clat, sa beaut\u00e9 naturelle et ses vertus spirituelles. Utilis\u00e9e autant dans la joaillerie que dans la lithoth\u00e9rapie, elle est r\u00e9put\u00e9e pour apporter chance, bien-\u00eatre et \u00e9quilibre \u00e9motionnel.<\/strong><\/p>\n<p>&nbsp;<\/p>\n<p>&nbsp;<\/p>\n<p>&nbsp;<\/p>\n<p><sub>\u00a0<\/sub><\/p>\n<p>&nbsp;<\/p>\n","protected":false},"excerpt":{"rendered":"<p>1,9&#215;0,8x3cm<\/p>\n","protected":false},"featured_media":17496,"template":"","meta":[],"product_brand":[],"product_cat":[96,109],"product_tag":[480,478,475,288,477,479],"class_list":{"0":"post-17495","1":"product","2":"type-product","3":"status-publish","4":"has-post-thumbnail","6":"product_cat-bijoux","7":"product_cat-bijoux-pierres-naturelles","8":"product_tag-cheveux","9":"product_tag-confiance","10":"product_tag-foie","11":"product_tag-joie","12":"product_tag-lucidite","13":"product_tag-peau","14":"pa_mineraux-aventurine","15":"pa_type-de-bijoux-pendentif","17":"first","18":"instock","19":"shipping-taxable","20":"purchasable","21":"product-type-simple"},"jetpack_sharing_enabled":true,"_links":{"self":[{"href":"https:\/\/lesfeespapillons-mineraux.com\/index.php\/wp-json\/wp\/v2\/product\/17495","targetHints":{"allow":["GET"]}}],"collection":[{"href":"https:\/\/lesfeespapillons-mineraux.com\/index.php\/wp-json\/wp\/v2\/product"}],"about":[{"href":"https:\/\/lesfeespapillons-mineraux.com\/index.php\/wp-json\/wp\/v2\/types\/product"}],"wp:featuredmedia":[{"embeddable":true,"href":"https:\/\/lesfeespapillons-mineraux.com\/index.php\/wp-json\/wp\/v2\/media\/17496"}],"wp:attachment":[{"href":"https:\/\/lesfeespapillons-mineraux.com\/index.php\/wp-json\/wp\/v2\/media?parent=17495"}],"wp:term":[{"taxonomy":"product_brand","embeddable":true,"href":"https:\/\/lesfeespapillons-mineraux.com\/index.php\/wp-json\/wp\/v2\/product_brand?post=17495"},{"taxonomy":"product_cat","embeddable":true,"href":"https:\/\/lesfeespapillons-mineraux.com\/index.php\/wp-json\/wp\/v2\/product_cat?post=17495"},{"taxonomy":"product_tag","embeddable":true,"href":"https:\/\/lesfeespapillons-mineraux.com\/index.php\/wp-json\/wp\/v2\/product_tag?post=17495"}],"curies":[{"name":"wp","href":"https:\/\/api.w.org\/{rel}","templated":true}]}}