{"id":16090,"date":"2024-01-12T08:51:18","date_gmt":"2024-01-12T07:51:18","guid":{"rendered":"https:\/\/lesfeespapillons-mineraux.com\/?post_type=product&#038;p=16090"},"modified":"2024-01-12T08:53:34","modified_gmt":"2024-01-12T07:53:34","slug":"bracelet-en-pietersite-4-et-argent-925-2","status":"publish","type":"product","link":"https:\/\/lesfeespapillons-mineraux.com\/index.php\/produit\/bracelet-en-pietersite-4-et-argent-925-2\/","title":{"rendered":"Bracelet en pietersite #4 et argent 925"},"content":{"rendered":"<p style=\"text-align: center\"><strong>La pietersite<\/strong><\/p>\n<p style=\"text-align: center\"><strong>Transformation m\u00e9tamorphique des trois yeux\u00a0: tigre, faucon et taureau<\/strong><\/p>\n<p>&nbsp;<\/p>\n<p><u>Origine du nom\u00a0:<\/u> <em>d\u00e9couverte en Namibie par Sid Pieters<\/em><\/p>\n<p><em><u>Formule chimique\u00a0:<\/u><\/em> silicate complexe SiO<sub>2<\/sub><\/p>\n<p><u>Duret\u00e9\u00a0:<\/u> 7 selon l\u2019\u00e9chelle de Mohs<\/p>\n<p><u>Syst\u00e8me cristallin\u00a0<\/u>: rombo\u00e9drique<\/p>\n<p><u>Gisements\u00a0:<\/u> Afrique du sud, Namibie, Chine\u2026<\/p>\n<p><u>Chakra\u00a0:<\/u> solaire<\/p>\n<p>&nbsp;<\/p>\n<p>&nbsp;<\/p>\n<p style=\"text-align: center\"><strong><u>Les vertus pr\u00eat\u00e9es \u00e0 cette pierre en lithoth\u00e9rapie <\/u><\/strong><\/p>\n<p>&nbsp;<\/p>\n<p><strong>Au niveau \u00e9motionnel et spirituel, <\/strong>la pietersite donne assurance et \u00e9nergie, c\u2019est une bonne pierre pour les \u00e9tudiants et les chercheurs car elle associe les vertus des trois yeux et permet d\u2019aller de l\u2019avant, de se recentrer et de garder une bonne stabilit\u00e9 dans nos projets.<\/p>\n<p><strong>Au niveau physique, <\/strong>elle est un bon soutien pour les d\u00e9r\u00e8glements hormonaux.<\/p>\n<p><strong>Au niveau \u00e9nerg\u00e9tique : <\/strong>la pietersite nous permet de canaliser l\u2019\u00e9nergie o\u00f9 nous le souhaitons.<\/p>\n<p>&nbsp;<\/p>\n<p style=\"text-align: center\"><strong><u>Les moyens de purification\u00a0:<\/u><\/strong><\/p>\n<p>On pourra la purifier sous un filet d\u2019eau (de pr\u00e9f\u00e9rence d\u2019eau de source) ou dans les fum\u00e9es d\u2019encens (sauge blanche, dragon\u2019s blood, palo santo, tulsi\u2026)<\/p>\n<p>La pietersite se recharge sur un amas cristallin (am\u00e9thyste ou cristal de roche), sur un motif de fleur de vie ou dans une coquille Saint-Jacques&#8230;<\/p>\n<p>A chacun de trouver le rituel qui lui convient.<\/p>\n<p>&nbsp;<\/p>\n<p>&nbsp;<\/p>\n<p>&nbsp;<\/p>\n<p>&nbsp;<\/p>\n<p>&nbsp;<\/p>\n<p>&nbsp;<\/p>\n<p>&nbsp;<\/p>\n<p><sub>\u00a0<\/sub><\/p>\n<p>&nbsp;<\/p>\n","protected":false},"excerpt":{"rendered":"<p>qualit\u00e9 A<\/p>\n","protected":false},"featured_media":16091,"template":"","meta":[],"product_brand":[],"product_cat":[96,159,109],"product_tag":[533,483,639,641,640],"class_list":{"0":"post-16090","1":"product","2":"type-product","3":"status-publish","4":"has-post-thumbnail","6":"product_cat-bijoux","7":"product_cat-bijoux-perles","8":"product_cat-bijoux-pierres-naturelles","9":"product_tag-assurance","10":"product_tag-energie","11":"product_tag-recentrage","12":"product_tag-souplesse","13":"product_tag-stabilite","14":"pa_mineraux-pietersite","15":"pa_taille-de-bracelet-18cm","16":"pa_type-de-bijoux-bracelet","18":"first","19":"instock","20":"shipping-taxable","21":"purchasable","22":"product-type-simple"},"jetpack_sharing_enabled":true,"_links":{"self":[{"href":"https:\/\/lesfeespapillons-mineraux.com\/index.php\/wp-json\/wp\/v2\/product\/16090","targetHints":{"allow":["GET"]}}],"collection":[{"href":"https:\/\/lesfeespapillons-mineraux.com\/index.php\/wp-json\/wp\/v2\/product"}],"about":[{"href":"https:\/\/lesfeespapillons-mineraux.com\/index.php\/wp-json\/wp\/v2\/types\/product"}],"wp:featuredmedia":[{"embeddable":true,"href":"https:\/\/lesfeespapillons-mineraux.com\/index.php\/wp-json\/wp\/v2\/media\/16091"}],"wp:attachment":[{"href":"https:\/\/lesfeespapillons-mineraux.com\/index.php\/wp-json\/wp\/v2\/media?parent=16090"}],"wp:term":[{"taxonomy":"product_brand","embeddable":true,"href":"https:\/\/lesfeespapillons-mineraux.com\/index.php\/wp-json\/wp\/v2\/product_brand?post=16090"},{"taxonomy":"product_cat","embeddable":true,"href":"https:\/\/lesfeespapillons-mineraux.com\/index.php\/wp-json\/wp\/v2\/product_cat?post=16090"},{"taxonomy":"product_tag","embeddable":true,"href":"https:\/\/lesfeespapillons-mineraux.com\/index.php\/wp-json\/wp\/v2\/product_tag?post=16090"}],"curies":[{"name":"wp","href":"https:\/\/api.w.org\/{rel}","templated":true}]}}