{"id":14499,"date":"2023-11-28T15:27:36","date_gmt":"2023-11-28T14:27:36","guid":{"rendered":"https:\/\/lesfeespapillons-mineraux.com\/?post_type=product&#038;p=14499"},"modified":"2024-11-22T22:53:06","modified_gmt":"2024-11-22T21:53:06","slug":"pierres-des-fees","status":"publish","type":"product","link":"https:\/\/lesfeespapillons-mineraux.com\/index.php\/produit\/pierres-des-fees\/","title":{"rendered":"Pierres des f\u00e9es"},"content":{"rendered":"","protected":false},"excerpt":{"rendered":"<p>Rivi\u00e8re Harricana, r\u00e9gion Abitibi T\u00e9miscamique, \u00e0 l&rsquo;Ouest du Qu\u00e9bec<\/p>\n","protected":false},"featured_media":14500,"template":"","meta":[],"product_brand":[],"product_cat":[95,311],"product_tag":[],"class_list":{"0":"post-14499","1":"product","2":"type-product","3":"status-publish","4":"has-post-thumbnail","6":"product_cat-mineraux","7":"product_cat-pierres-brutes","8":"pa_mineraux-pierre-des-fees","9":"pa_piece-318","10":"pa_piece-588","11":"pa_piece-589","12":"pa_piece-590","13":"pa_piece-591","14":"pa_piece-592","15":"pa_piece-593","16":"pa_piece-594","17":"pa_piece-595","18":"pa_piece-319","19":"pa_piece-320","20":"pa_piece-322","21":"pa_piece-323","22":"pa_piece-416","23":"pa_piece-585","24":"pa_piece-586","25":"pa_piece-587","27":"first","28":"instock","29":"shipping-taxable","30":"purchasable","31":"product-type-variable"},"jetpack_sharing_enabled":true,"_links":{"self":[{"href":"https:\/\/lesfeespapillons-mineraux.com\/index.php\/wp-json\/wp\/v2\/product\/14499","targetHints":{"allow":["GET"]}}],"collection":[{"href":"https:\/\/lesfeespapillons-mineraux.com\/index.php\/wp-json\/wp\/v2\/product"}],"about":[{"href":"https:\/\/lesfeespapillons-mineraux.com\/index.php\/wp-json\/wp\/v2\/types\/product"}],"wp:featuredmedia":[{"embeddable":true,"href":"https:\/\/lesfeespapillons-mineraux.com\/index.php\/wp-json\/wp\/v2\/media\/14500"}],"wp:attachment":[{"href":"https:\/\/lesfeespapillons-mineraux.com\/index.php\/wp-json\/wp\/v2\/media?parent=14499"}],"wp:term":[{"taxonomy":"product_brand","embeddable":true,"href":"https:\/\/lesfeespapillons-mineraux.com\/index.php\/wp-json\/wp\/v2\/product_brand?post=14499"},{"taxonomy":"product_cat","embeddable":true,"href":"https:\/\/lesfeespapillons-mineraux.com\/index.php\/wp-json\/wp\/v2\/product_cat?post=14499"},{"taxonomy":"product_tag","embeddable":true,"href":"https:\/\/lesfeespapillons-mineraux.com\/index.php\/wp-json\/wp\/v2\/product_tag?post=14499"}],"curies":[{"name":"wp","href":"https:\/\/api.w.org\/{rel}","templated":true}]}}