{"id":14187,"date":"2023-11-23T09:01:04","date_gmt":"2023-11-23T08:01:04","guid":{"rendered":"https:\/\/lesfeespapillons-mineraux.com\/?post_type=product&#038;p=14187"},"modified":"2024-05-23T13:21:29","modified_gmt":"2024-05-23T11:21:29","slug":"jaspe-leopard-pointes-mi-brutes","status":"publish","type":"product","link":"https:\/\/lesfeespapillons-mineraux.com\/index.php\/produit\/jaspe-leopard-pointes-mi-brutes\/","title":{"rendered":"Pointes mi-brutes en jaspe l\u00e9opard"},"content":{"rendered":"<p style=\"text-align: center\"><strong>Le jaspe<\/strong><\/p>\n<p>&nbsp;<\/p>\n<p><u>Origine du nom\u00a0:<\/u> <em>du latin \u00ab\u00a0iaspis\u00a0\u00bb \u00ab\u00a0jaspe\u00a0\u00bb qui d\u00e9signe une pierre de diverses couleurs<\/em><\/p>\n<p><em><u>Formule chimique\u00a0:<\/u><\/em> SiO<sub>2<\/sub>, dioxyde de silicium<\/p>\n<p><u>Duret\u00e9\u00a0:<\/u> 6,5-7 sur l\u2019\u00e9chelle de Mohs<\/p>\n<p><u>Syst\u00e8me cristallin\u00a0<\/u>: trigonal<\/p>\n<p><u>Densit\u00e9\u00a0:<\/u> 2,75<\/p>\n<p>&nbsp;<\/p>\n<p style=\"text-align: center\"><strong><u>Les vertus pr\u00eat\u00e9es \u00e0 cette pierre en lithoth\u00e9rapie <\/u><\/strong><\/p>\n<p>&nbsp;<\/p>\n<p><strong>Au niveau \u00e9motionnel et spirituel, <\/strong>le jaspe am\u00e8ne \u00e9quilibre et sentiment de s\u00e9curit\u00e9. Il permet de vivre le moment pr\u00e9sent en redonnant confiance en la vie et en att\u00e9nuant la peur de la mort et de l\u2019inconnu.<\/p>\n<p><strong>Au niveau physique, <\/strong>ses vertus varient en fonction de la couleur du jaspe\u00a0:<\/p>\n<p>Les jaspes jaunes aideront foie, v\u00e9sicule biliaire et pancr\u00e9as.<\/p>\n<p>Les jaspes rouges aideront \u00e0 se fortifier et r\u00e9duiront les naus\u00e9es.<\/p>\n<p>Les jaspes verts aideront \u00e0 la digestion\u00a0.<\/p>\n<p><strong>Au niveau \u00e9nerg\u00e9tique<\/strong>, les jaspes sont bons pour stabiliser l&rsquo;aura et la nettoyer des \u00e9nergies n\u00e9gatives accumul\u00e9es.<\/p>\n<p>&nbsp;<\/p>\n<p style=\"text-align: center\"><strong><u>Les moyens de purification\u00a0:<\/u><\/strong><\/p>\n<p>&nbsp;<\/p>\n<p>On pourra le purifier dans les fum\u00e9es d\u2019encens (sauge blanche, dragon\u2019s blood, palo santo, tulsi\u2026)<\/p>\n<p>Le jaspe se recharge ensuite \u00e0 la lumi\u00e8re du soleil, sur un amas cristallin (am\u00e9thyste ou cristal de roche), sur un motif de fleur de vie ou dans une coquille Saint-Jacques&#8230;<\/p>\n<p>A chacun de trouver le rituel qui lui convient.<\/p>\n<p>&nbsp;<\/p>\n<p>&nbsp;<\/p>\n<p>&nbsp;<\/p>\n<p>&nbsp;<\/p>\n<p>&nbsp;<\/p>\n<p>&nbsp;<\/p>\n<p>&nbsp;<\/p>\n<p><sub>\u00a0<\/sub><\/p>\n<p>&nbsp;<\/p>\n<p>&nbsp;<\/p>\n<p>&nbsp;<\/p>\n<p><sub>\u00a0<\/sub><\/p>\n<p>&nbsp;<\/p>\n<p>&nbsp;<\/p>\n<p><sub>\u00a0<\/sub><\/p>\n<p>&nbsp;<\/p>\n<p>&nbsp;<\/p>\n<p><sub>\u00a0<\/sub><\/p>\n<p>&nbsp;<\/p>\n","protected":false},"excerpt":{"rendered":"<p>Le jaspe &nbsp; Origine du nom\u00a0: du latin \u00ab\u00a0iaspis\u00a0\u00bb \u00ab\u00a0jaspe\u00a0\u00bb qui d\u00e9signe une pierre de diverses couleurs Formule chimique\u00a0: SiO2, dioxyde de silicium Duret\u00e9\u00a0: 6,5-7 sur l\u2019\u00e9chelle de Mohs Syst\u00e8me cristallin\u00a0: trigonal Densit\u00e9\u00a0: 2,75 &nbsp; Les vertus pr\u00eat\u00e9es \u00e0 cette pierre en lithoth\u00e9rapie &nbsp; Au niveau \u00e9motionnel et spirituel, le jaspe am\u00e8ne \u00e9quilibre et sentiment [&hellip;]<\/p>\n","protected":false},"featured_media":14188,"template":"","meta":[],"product_brand":[],"product_cat":[95,311],"product_tag":[478,506,482,475,532,531],"class_list":{"0":"post-14187","1":"product","2":"type-product","3":"status-publish","4":"has-post-thumbnail","6":"product_cat-mineraux","7":"product_cat-pierres-brutes","8":"product_tag-confiance","9":"product_tag-digestion","10":"product_tag-equilibre","11":"product_tag-foie","12":"product_tag-nausees","13":"product_tag-realisme","14":"pa_mineraux-jaspe-mokaite","15":"pa_piece-318","16":"pa_piece-319","18":"first","19":"instock","20":"shipping-taxable","21":"purchasable","22":"product-type-variable"},"jetpack_sharing_enabled":true,"_links":{"self":[{"href":"https:\/\/lesfeespapillons-mineraux.com\/index.php\/wp-json\/wp\/v2\/product\/14187","targetHints":{"allow":["GET"]}}],"collection":[{"href":"https:\/\/lesfeespapillons-mineraux.com\/index.php\/wp-json\/wp\/v2\/product"}],"about":[{"href":"https:\/\/lesfeespapillons-mineraux.com\/index.php\/wp-json\/wp\/v2\/types\/product"}],"wp:featuredmedia":[{"embeddable":true,"href":"https:\/\/lesfeespapillons-mineraux.com\/index.php\/wp-json\/wp\/v2\/media\/14188"}],"wp:attachment":[{"href":"https:\/\/lesfeespapillons-mineraux.com\/index.php\/wp-json\/wp\/v2\/media?parent=14187"}],"wp:term":[{"taxonomy":"product_brand","embeddable":true,"href":"https:\/\/lesfeespapillons-mineraux.com\/index.php\/wp-json\/wp\/v2\/product_brand?post=14187"},{"taxonomy":"product_cat","embeddable":true,"href":"https:\/\/lesfeespapillons-mineraux.com\/index.php\/wp-json\/wp\/v2\/product_cat?post=14187"},{"taxonomy":"product_tag","embeddable":true,"href":"https:\/\/lesfeespapillons-mineraux.com\/index.php\/wp-json\/wp\/v2\/product_tag?post=14187"}],"curies":[{"name":"wp","href":"https:\/\/api.w.org\/{rel}","templated":true}]}}